 a + 6. Let w be n(-6). Suppose w = -v - 0 + 4. List the prime factors of 3*v/6*1.
2
Suppose 24*r - 1416 = 18*r. What are the prime factors of r?
2, 59
Suppose 2*f = -2*f. Suppose f*a + 4*d = a + 27, 2*d + 11 = -3*a. Let r(l) = -l**2 - 7*l + 4. List the prime factors of r(a).
2
What are the prime factors of -1*60/14*(-56)/2?
2, 3, 5
Let r(n) = -4*n - 1. Let o be r(-2). Let i(j) = -j + 11. Let v be i(o). Suppose 4*m + 2*c = -c + 60, 2*m + v*c - 40 = 0. What are the prime factors of m?
2, 3
Let t = -6 - -10. Let f be -10*((-11)/(-5) - 3). Suppose t*m = 56 + f. What are the prime factors of m?
2
Let h(n) = n**3 + 16*n**2 + 12*n + 4. What are the prime factors of h(-15)?
7
Suppose -3*m + o - 6*o = 10, -5*o = -2*m + 10. Let q be ((-5)/(-7) + -1)*-7. Suppose i + 0 - q = m. What are the prime factors of i?
2
List the prime factors of 1*748/15 - 4/(-30).
2, 5
Suppose -14*n + 10*n = -476. List the prime factors of n.
7, 17
Let g = 6 - 2. Suppose 255 = n + g*n. Suppose -3*q - a = -39, -5*a + n = 2*q + q. List the prime factors of q.
2, 3
Suppose -12 = 5*r - 567. What are the prime factors of r?
3, 37
Let d be 12 - (0 + 1 - -1). Let w(c) = -c**3 - 5*c**2 + 6*c - 8. Let y be w(-6). Let l = d + y. What are the prime factors of l?
2
Let o be 315/4 + (-21)/28. What are the prime factors of (o/2)/(3 + -2)?
3, 13
Let r = 549 + -325. List the prime factors of r.
2, 7
Let n = -19 - -31. Suppose -3*d - 3*f + 9 = -0*d, 0 = -4*f + n. Suppose -3*p = -d*p - 6. What are the prime factors of p?
2
Let z be (1 - 0)*-2 + 10. Let i = -2 + 18. Let r = i - z. List the prime factors of r.
2
Let t = -4 - -6. Let c = t + 2. List the prime factors of (-7)/(0 + (-2)/c).
2, 7
Suppose -68 = -7*y + 3*y. List the prime factors of y.
17
Suppose 5*k = 2*m - 85, -4*k - 3*m = 37 + 8. What are the prime factors of 22/(-3)*k/10?
11
Let z(f) = 7*f - 3. Suppose 5*m - 15 = -0. What are the prime factors of z(m)?
2, 3
Let r be (-2)/((-5)/(-2) - 3). Suppose -r*f - f = 4*u + 1, -3*f - 4*u - 7 = 0. What are the prime factors of f?
3
Let n be -1 + -1 + 35*1. Suppose -3*i = -f + 6*f - 19, -4*i = -f - n. List the prime factors of i.
2
Let s = 6 + 30. Let a be (-222)/s + (-1)/(-6). List the prime factors of (-1)/(-3) + (-76)/a.
13
Let t(p) = -2*p - 3. Let w(v) = -2*v**3 - v**2 - v - 1. Let u be w(-2). Suppose -4*l - 2*o - 30 = 0, 4 + u = -3*l + 4*o. What are the prime factors of t(l)?
11
List the prime factors of (0 + -18)/(10/(-15)).
3
What are the prime factors of 1340/6*(1 - (-2)/10)?
2, 67
What are the prime factors of (0 + (-26)/(-2))*1?
13
Let v = -16 + 48. List the prime factors of v.
2
Let y(v) = v**2 - 8*v - 3. Let f be y(8). Let n be f/(-5) + (-4)/(-10). List the prime factors of n*(1 + (-2)/(-2)).
2
Let j = 1 + 1. Let x be (j/(-2))/((-2)/130). Suppose 2*a + x = 7*a. What are the prime factors of a?
13
Suppose 3*f = 3 + 45. Suppose r - f = -6. What are the prime factors of r?
2, 5
Suppose -2*r - 80 = -a + 3*r, 5*a + 4*r = 284. Let m = a + -20. Suppose -5 = -f, 5*t - 2*f = -7*f + m. What are the prime factors of t?
3
Suppose 2*c = c, 3*c = -3*q + 246. Let t = q + -41. What are the prime factors of t?
41
Suppose 10 + 8 = 2*m. What are the prime factors of m?
3
Suppose 2*j = -2*j + 1092. Suppose -3*m + 4*d + 161 = -12, -5*m = d - j. Suppose 0 = 4*h - 8, -4*f = f + 5*h - m. List the prime factors of f.
3
Let h be 10/(2 - 4) + 3. What are the prime factors of 0 + 2/(h/(-17))?
17
Suppose p + 0*p = 17. Suppose 4*z = -z + 35. Suppose 5*d - v - p = d, d - z = 3*v. List the prime factors of d.
2
Let x(t) = t**2 + 2*t - 3. Let i be x(2). Suppose 29 = i*k - 3*m + 6*m, 4*k - 36 = 4*m. List the prime factors of k.
7
Let q(i) be the second derivative of i**3/2 - 3*i**2/2 - i. Let c be 2/(-8) - (-21)/4. List the prime factors of q(c).
2, 3
Let s = 1 - 0. Suppose 125 = 4*u - 5*l + 50, 82 = 4*u + 2*l. List the prime factors of u + (s - (-1 - -4)).
2, 3
Let u(o) = -o**3 + o**2 - o. Let x(m) = 8*m**3 - 4*m**2 + 5*m - 1. Let j(r) = -4*u(r) - x(r). What are the prime factors of j(-2)?
5, 7
Let v(b) = -4*b - 9. What are the prime factors of v(-11)?
5, 7
Let r = -236 - -379. List the prime factors of r.
11, 13
What are the prime factors of 224/2 - 3*(-2)/(-3)?
2, 5, 11
Suppose j + 62 = -2*d, 0 = -4*d + 2*j - j - 130. List the prime factors of (-4)/10 - d/5.
2, 3
Let f(u) = -34*u - 25. What are the prime factors of f(-6)?
179
Let l(s) = 8 + 0*s - 9 + 0*s + s + s**2. What are the prime factors of l(3)?
11
Suppose -2*d = 4*s + 16, -7*d + 4*d - 6 = -3*s. Let f = d + 18. List the prime factors of f.
2, 7
Let o = -10 - -20. What are the prime factors of o?
2, 5
Let g(h) = 8*h + 13. What are the prime factors of g(20)?
173
Suppose 4*m - 442 = -3*l, -5*l + 4*m + 427 = -299. What are the prime factors of l?
2, 73
What are the prime factors of 3275/175 + (0 - 2/(-7))?
19
Let j(x) = -3*x**3 - 2*x**2 - x - 1. What are the prime factors of j(-2)?
17
Let r be (-10)/15*(-6)/(-4). What are the prime factors of 0 - (2 - r - 12)?
3
Suppose 21 = 4*u - 243. List the prime factors of u.
2, 3, 11
Suppose 2*g + 0*g = -6. Let z(o) = -o**3 - 3*o**2 - 3*o - 2. What are the prime factors of z(g)?
7
Let u be -23 + 1*2/(-2). Let c = u + 40. What are the prime factors of c?
2
Suppose 0 = 4*h - m - 1080, -5*m + 1375 = 6*h - h. List the prime factors of h.
271
What are the prime factors of (-32)/(-5)*20/8?
2
Suppose 5*b - 13 = -4*t, 5*t + 4*b - 4 - 10 = 0. Suppose 0 = 4*f - k - 22, t*k = -0 + 4. What are the prime factors of f?
2, 3
Let k be -1*3/(-9)*129. Let o = k + 4. List the prime factors of o.
47
What are the prime factors of 1449/27 - 2/(-6)?
2, 3
Suppose -m - 4*y = -y - 17, -2*m = 3*y - 43. Suppose 4*k - 1 = 3*i + 1, 4*k = -i + m. Suppose -a + i*a - 35 = 0. List the prime factors of a.
7
Let f(s) = -4*s. Let h(p) = -7*p. Let o(i) = -5*f(i) + 3*h(i). Let m(q) = -3*q**2 + 1. Let j be m(1). List the prime factors of o(j).
2
Let a be 3*(-6)/(-9) + -1. Let u be 4/(1/5*a). Suppose 0 = -y - 4*y + u. What are the prime factors of y?
2
Let z(d) = d**2 - d. What are the prime factors of z(-6)?
2, 3, 7
What are the prime factors of 3/9 - 1211/(-21)?
2, 29
Suppose -10*o + 8*o + 280 = 0. What are the prime factors of o?
2, 5, 7
Let v be 4/(-10) + (-3784)/(-10). Suppose -2*x - x = -v. What are the prime factors of (x/35)/(3/10)?
2, 3
Let h(l) = l**2 + 6*l + 2. Let y be h(-5). Let u be 2/y*36/(-8). List the prime factors of 2 + -2 + u - -2.
5
Let t = 10 - -64. List the prime factors of t.
2, 37
Let t = 84 - 10. Let z = t - 49. List the prime factors of z.
5
Let t(v) = v**2. Let y be t(2). Suppose -x = y*x - 10. List the prime factors of x.
2
Let h = -143 + 95. Let t = -32 - h. What are the prime factors of t?
2
Suppose 142 = -a + 3*a. List the prime factors of a.
71
Suppose 0 = -3*t + 19 - 4. Suppose 5 = -5*g, 17 = -t*w + 2*g + g. Let x(z) = z**3 + 4*z**2 - 2*z. List the prime factors of x(w).
2
Suppose -4*h + 3*k = -372, h - 116 = -k - 4*k. What are the prime factors of h?
2, 3
Suppose 314 = 5*r - 4*g - 161, 0 = 5*g + 25. What are the prime factors of r?
7, 13
Let y = 88 - 33. List the prime factors of y.
5, 11
Suppose -3*r + 4*u = 3, -5*r - 13 - 18 = 2*u. Let t = 9 + r. What are the prime factors of t?
2
Let v = -2 - -4. Suppose -3*g = 6*h - v*h - 56, -2*g = 2*h - 28. What are the prime factors of h?
2, 7
Suppose -3 - 1 = d, -4*a + 2*d + 24 = 0. List the prime factors of (12 - (3 - a)) + -3.
2, 5
Let d(b) = 5*b + 9. List the prime factors of d(16).
89
Suppose 19 = 2*w - 5. Suppose 8*h - 5*h = w. List the prime factors of h.
2
Suppose 0 = f - 1 - 5. Let l = f - 12. What are the prime factors of 1/((-3)/l) + 12?
2, 7
Let t(s) = s**3 - 10*s**2 + 4*s - 1. What are the prime factors of t(10)?
3, 13
Let q(u) be the first derivative of -u**4/4 - 2*u**3 - u**2/2 + 7*u - 7. Let i = 8 - 14. List the prime factors of q(i).
13
Let o(z) = 34*z - 54. List the prime factors of o(10).
2, 11, 13
List the prime factors of (17/(-3))/((-1)/30*2).
5, 17
Let b = 1 - -42. List the prime factors of b.
43
Suppose -3*g + 27 + 12 = 0. Suppose -3*z + 2 + g = 0. Suppose 4*q = z*q - 6. What are the prime factors of q?
2, 3
What are the prime factors of ((-66)/55)/((-4)/150)?
3, 5
Let n(s) be the third derivative of s**6/120 - s**5/10 + s**4/12 - s**3/3 + s**2. What are the p